 + -468840?
-468842
In base 8, what is 0 - -11064?
11064
In base 15, what is -3 - 170a8?
-170ab
In base 16, what is -4d8 + -104?
-5dc
In base 10, what is -41376 - 49?
-41425
In base 16, what is -d - 7d79?
-7d86
In base 6, what is -2 - 10423410?
-10423412
In base 3, what is -1002120 + -112?
-1010002
In base 8, what is 77 - -15337?
15436
In base 12, what is -752a + 1?
-7529
In base 15, what is 18c + 12?
19e
In base 7, what is 1023 + -1?
1022
In base 6, what is -51 - 1023352?
-1023443
In base 10, what is -6 + -4504?
-4510
In base 15, what is 3a0 + -8?
397
In base 4, what is -2213 - 223113?
-231332
In base 7, what is 45 - 35210?
-35132
In base 5, what is 10 - 14334311?
-14334301
In base 11, what is 2 - 88aa?
-88a8
In base 8, what is 1 + 35403?
35404
In base 2, what is 1010100101000010100001 - 11?
1010100101000010011110
In base 9, what is 88 - 7546?
-7447
In base 2, what is 1000010010111101 + 101?
1000010011000010
In base 4, what is 233 - -331?
1230
In base 2, what is 1000001010011 - -10010010?
1000011100101
In base 12, what is 12a02a4 - 2?
12a02a2
In base 12, what is -11a7 - -ab6?
-2b1
In base 10, what is 13102 - 2?
13100
In base 9, what is -3 - 131?
-134
In base 14, what is 2c510 - 1?
2c50d
In base 4, what is 233000012 - 0?
233000012
In base 10, what is 0 + 66211?
66211
In base 9, what is 43 - 1282?
-1238
In base 9, what is -3 - -404076?
404073
In base 3, what is 211021 - 1110?
202211
In base 14, what is a25ab - 3?
a25a8
In base 13, what is 4a - -74a?
797
In base 10, what is -80431 + -9?
-80440
In base 15, what is -1807 - -8?
-17ee
In base 10, what is 2 + -49574?
-49572
In base 15, what is -587 - cba?
-1352
In base 16, what is 7e641 + -2?
7e63f
In base 11, what is 23a24 + -3?
23a21
In base 10, what is -3 - 6740?
-6743
In base 11, what is a + 230?
23a
In base 13, what is -652 + 29c?
-383
In base 15, what is 23048 + 5?
2304d
In base 10, what is -1 - 40295?
-40296
In base 11, what is 2 - 2791?
-278a
In base 2, what is -1100 - -1001001100?
1001000000
In base 10, what is 17 + 2437?
2454
In base 13, what is -a + 19c25?
19c18
In base 3, what is -12 - 110112221?
-110120010
In base 10, what is -20313 + 71?
-20242
In base 8, what is 0 + 535312?
535312
In base 7, what is -105 + 6226?
6121
In base 4, what is -32 + -222311?
-223003
In base 6, what is -202044 + -1?
-202045
In base 7, what is 10100531 - 2?
10100526
In base 9, what is 17 - 6020?
-6002
In base 4, what is 0 + 1003010?
1003010
In base 10, what is -14590 + -8?
-14598
In base 7, what is -3 + -413104?
-413110
In base 9, what is -2 - -22378?
22376
In base 16, what is 2d16 + 7?
2d1d
In base 16, what is 2700 + -70?
2690
In base 7, what is 25642 - -102?
26044
In base 12, what is 9 - 10741?
-10734
In base 15, what is -36d8 + -2?
-36da
In base 9, what is 0 - -3228?
3228
In base 11, what is -570a4 + -3?
-570a7
In base 8, what is -1 + 71614?
71613
In base 16, what is f3 - -8?
fb
In base 16, what is -1 + 67ded?
67dec
In base 14, what is -3 + -c5bb?
-c5c0
In base 5, what is 13304033 + 3?
13304041
In base 5, what is -134 - -3024?
2340
In base 5, what is -4 - -400142?
400133
In base 13, what is a + 34b7c?
34b89
In base 10, what is -2 + 40807?
40805
In base 2, what is -101001 - 100001101110011?
-100001110011100
In base 15, what is d + 263a?
2648
In base 2, what is -1000000101010 - -1110001111?
-110010011011
In base 3, what is 12112111110 - -2?
12112111112
In base 13, what is 4 + -258?
-254
In base 6, what is -215013 + -13?
-215030
In base 6, what is 2402332 + -2?
2402330
In base 12, what is 55a43 + -5?
55a3a
In base 9, what is 267 + 4?
272
In base 4, what is -31203 - 100012?
-131221
In base 3, what is -20 - -2121000122?
2121000102
In base 11, what is -33542 - -4?
-33539
In base 16, what is 427c + 4?
4280
In base 13, what is -52 + 12cc6?
12c74
In base 9, what is -285122 - -12?
-285110
In base 13, what is 2a5 - -74?
349
In base 12, what is -4 - -342b56?
342b52
In base 7, what is 3 - -6255?
6261
In base 15, what is 21 + 1227?
1248
In base 2, what is -10010000 + 101111001011?
101100111011
In base 15, what is 61a42 + 0?
61a42
In base 2, what is -1101 - -1000000011?
111110110
In base 5, what is -2 + 42423300?
42423243
In base 15, what is -4 - 1a45?
-1a49
In base 6, what is 44240 + 353?
45033
In base 11, what is -1099 - 578?
-1666
In base 16, what is -d9b + -10?
-dab
In base 16, what is -14451b - 5?
-144520
In base 13, what is -11b2 - -44?
-116b
In base 8, what is 1257130 - -5?
1257135
In base 12, what is -730a + 79?
-7251
In base 14, what is 4213 - 1?
4212
In base 10, what is -30 - 4249?
-4279
In base 15, what is 9 + -cd9?
-cd0
In base 6, what is 4 + -53111?
-53103
In base 14, what is -106 - 107?
-20d
In base 13, what is -21 - 16a?
-18b
In base 4, what is -320 + 2?
-312
In base 4, what is -33013110 + -1?
-33013111
In base 3, what is -2 - 201122202?
-201122211
In base 4, what is -12031 - 110?
-12201
In base 9, what is -3 - 37530?
-37533
In base 16, what is 6e + -1b7?
-149
In base 15, what is 7d5 + -5?
7d0
In base 12, what is 5 + 57392?
57397
In base 8, what is -236613 - -27?
-236564
In base 14, what is -10ad01 - -2?
-10acdd
In base 16, what is 5 - -182e0?
182e5
In base 6, what is 21004 - 150?
20414
In base 8, what is -15223 + 5?
-15216
In base 13, what is -56 - -28?
-2b
In base 11, what is -5 + -19228?
-19232
In base 14, what is 502 + 9b?
59d
In base 9, what is 8 + -7834?
-7825
In base 9, what is -607 + -1523?
-2231
In base 16, what is 1a13e + -2?
1a13c
In base 13, what is -5750a4 - 1?
-5750a5
In base 3, what is -121110211 + 101?
-121110110
In base 10, what is -5 - 37966?
-37971
In base 5, what is 123 - -122441?
123114
In base 7, what is -222030 - 0?
-222030
In base 16, what is 20 + -1092?
-1072
In base 7, what is -561 - -3266?
2405
In base 13, what is 360cab - 0?
360cab
In base 7, what is -12 + 6642?
6630
In base 8, what is 315050 + -3?
315045
In base 4, what is 2 + 2120300?
2120302
In base 3, what is -2121212202 + 101?
-2121212101
In base 10, what is 9 - 44550?
-44541
In base 6, what is -2205204 - -1?
-2205203
In base 16, what is -71 + -11b?
-18c
In base 9, what is 3 + 537?
541
In base 16, what is 3515a + 5?
3515f
In base 5, what is -1401322 - 11?
-1401333
In base 4, what is 13023211 + 110?
13023321
In base 13, what is 1a68c - 7?
1a685
In base 8, what is -12 + 3772?
3760
In base 10, what is -2400873 + -5?
-2400878
In base 14, what is 52 + 222a?
227c
In base 14, what is 1 + -24a47?
-24a46
In base 13, what is c9 + -85?
44
In base 2, what is -11 - 1011110001111011?
-1011110001111110
In base 15, what is d4b4 + -9?
d4aa
In base 10, what is 117 + 588?
705
In base 9, what is -13 - 402885?
-403008
In base 10, what is 92663 - -5?
92668
In base 9, what is 102 + 3027?
3130
In base 8, what is -562 + -72?
-654
In base 2, what is 1001010 - -1011000000?
1100001010
In base 15, what is 7d0 + -13?
7bc
In base 10, what is 1 - -171003?
171004
In base 3, what is -110 - 10110201?
-10111011
In base 11, what is -4 + -16690a?
-166913
In base 8, what is 640362 + -2?
640360
In base 7, what is -41 + -15623?
-15664
In base 13, what is 38 - 79b5?
-797a
In base 3, what is 2211002221222 + -11?
2211002221211
In base 5, what is -1330422 + -4?
-1330431
In base 15, what is ed449 + 8?
ed452
In base 6, what is 15551 + 55?
20050
In base 15, what is 5 - -47b6?
47bb
In base 12, what is 5 + 24b?
254
In base 13, what is -3345cc - 3?
-334602
In base 6, what is -1 + 42122?
42121
In base 15, what is eade + -4?
eada
In base 16, what is -f214d - 4?
-f2151
In base 15, what is -3 - -66ade?
66adb
In base 7, what is 12351 - 116?
12232
In base 9, what is 178 + 864?
1153
In base 6, what is 553 + -12553?
-12000
In base 6, what is -125242 - -231?
-125011
In base 11, what is 1 - -302318?
302319
In base 5, what is 4343104 + -4?
4343100
In base 16, what is 3 + 2cee?
2cf1
In base 16, what is -3 + -1ae?
-1b1
In base 14, what is acb - -87?
b74
In base 2, what is 1011111111100 + 100?
1100000000000
In base 6, what is -42421 + 1?
-42420
In base 4, what is -11 - 212131033?
-212131110
In base 10, what is -6 - -939?
933
In base 15, what is 40b4 - -73?
4137
In base 3, what is -22220200122 + 1012?
-22220122110
In base 10, what is 15773 - -2?
15775
In base 4, what is 312 - 113110?
-112132
In base 9, what is 4 - -1221?
1225
In base 3, what is 1112000 + -1000001?
111222
In base 7, what